{"id":11,"date":"2023-10-31T22:44:56","date_gmt":"2023-10-31T22:44:56","guid":{"rendered":"https:\/\/oval.co\/latam-es\/?page_id=11"},"modified":"2024-03-15T20:38:14","modified_gmt":"2024-03-15T20:38:14","slug":"proposito-y-cultura","status":"publish","type":"page","link":"https:\/\/oval.co\/latam-es\/nosotros\/proposito-y-cultura\/","title":{"rendered":"Prop\u00f3sito y Cultura"},"content":{"rendered":"\n\n  <section class=\"small-hero\">\n    <div class=\"container small-hero__uvp rellax\" data-rellax-speed=\"-8\">\n      <span> NOSOTROS<\/span>\n      <h1 class=\"small-hero__title\">Prop\u00f3sito y Cultura<\/h1>\n    <\/div>\n  <\/section>\n\n\n\n\n\n\n  <section class=\"overlapping-image courved-section\">\n    <img decoding=\"async\" class=\"img-full\" src=\"https:\/\/oval.co\/latam-es\/wp-content\/uploads\/sites\/5\/2023\/11\/purpose.jpg\" alt=\"\"  >  <\/section>\n\n\n\n\n\n\n  <section class=\"text-quad-2 text-quad-2--gray1 courved-section\">\n    <div class=\"container\">\n      <h2>Nuestro Prop\u00f3sito<\/h2>\n      <p>Queremos transformar las organizaciones y acelerar el\u00a0desarrollo de su potencial\u200b, movilizando el proceso de toma de decisiones y acompa\u00f1ando el desarrollo y la implementaci\u00f3n de soluciones para afrontar sus retos de negocio.<\/p>\n    <\/div>\n\n  <\/section>\n\n\n\n\n\n\n  <section class=\"text-quad-2 text-quad-2--gray2 courved-section\">\n    <div class=\"container\">\n      <h2>Nuestra cultura<\/h2>\n      <p>Queremos crear relaciones a largo plazo con nuestros clientes, ser una experiencia enriquecedora y transformadora, que marque una diferencia en el crecimiento y la visi\u00f3n de los negocios, por eso buscamos que la confianza, cercan\u00eda y comunicaci\u00f3n abierta sean los pilares que nos permitan hacerla realidad. #MovimientoQueGeneraValor<\/p>\n    <\/div>\n\n  <\/section>\n\n\n\n\n\n\n  <section class=\"cards courved-section\">\n    <div class=\"container\">\n      <h2 class=\"text-center\">Nuestros Valores<\/h2>\n      <div class=\"flex-layout cards__row\">\n                    <article class=\"cards__item card animate-fade top animate-delay-0\">\n              <img decoding=\"async\" class=\"\" src=\"https:\/\/oval.co\/latam-es\/wp-content\/uploads\/sites\/5\/2024\/03\/Oval_Icon_8.png\" alt=\"\"  >              <h3>Excelencia<\/h3>\n              <p>Ponemos primero la \u00e9tica de nuestro trabajo, damos siempre lo mejor y somos cr\u00edticos de \u00e9l.<\/p>\n            <\/article>\n                    <article class=\"cards__item card animate-fade top animate-delay-1\">\n              <img decoding=\"async\" class=\"\" src=\"https:\/\/oval.co\/latam-es\/wp-content\/uploads\/sites\/5\/2024\/03\/Oval_Icon_6.png\" alt=\"\"  >              <h3>Confianza<\/h3>\n              <p>Mantenemos relaciones cercanas, con comunicaci\u00f3n abierta y sincera entre los diferentes niveles.<\/p>\n            <\/article>\n                    <article class=\"cards__item card animate-fade top animate-delay-2\">\n              <img decoding=\"async\" class=\"\" src=\"https:\/\/oval.co\/latam-es\/wp-content\/uploads\/sites\/5\/2024\/03\/Oval_Icon_5.png\" alt=\"\"  >              <h3>Equipo<\/h3>\n              <p>Para nosotros prima el inter\u00e9s com\u00fan, por encima del individual.<\/p>\n            <\/article>\n                    <article class=\"cards__item card animate-fade top animate-delay-3\">\n              <img decoding=\"async\" class=\"\" src=\"https:\/\/oval.co\/latam-es\/wp-content\/uploads\/sites\/5\/2024\/03\/Oval_Icon_4.png\" alt=\"\"  >              <h3>Impacto<\/h3>\n              <p>Generar impacto en nuestros colaboradores, clientes y en nuestra comunidad cercana (RSE).<\/p>\n            <\/article>\n              <\/div>\n    <\/div>\n\n  <\/section>\n\n\n","protected":false},"excerpt":{"rendered":"","protected":false},"author":1,"featured_media":0,"parent":7,"menu_order":0,"comment_status":"closed","ping_status":"closed","template":"","meta":{"footnotes":""},"acf":[],"yoast_head":"<!-- This site is optimized with the Yoast SEO plugin v22.4 - https:\/\/yoast.com\/wordpress\/plugins\/seo\/ -->\n<title>Prop\u00f3sito y Cultura - Oval - ES<\/title>\n<meta name=\"description\" content=\"Queremos transformar las organizaciones y acelerar el\u00a0desarrollo de su potencial.\" \/>\n<meta name=\"robots\" content=\"index, follow, max-snippet:-1, max-image-preview:large, max-video-preview:-1\" \/>\n<link rel=\"canonical\" href=\"https:\/\/oval.co\/latam-es\/nosotros\/proposito-y-cultura\/\" \/>\n<meta property=\"og:locale\" content=\"es_ES\" \/>\n<meta property=\"og:type\" content=\"article\" \/>\n<meta property=\"og:title\" content=\"Prop\u00f3sito y Cultura - Oval - ES\" \/>\n<meta property=\"og:description\" content=\"Queremos transformar las organizaciones y acelerar el\u00a0desarrollo de su potencial.\" \/>\n<meta property=\"og:url\" content=\"https:\/\/oval.co\/latam-es\/nosotros\/proposito-y-cultura\/\" \/>\n<meta property=\"og:site_name\" content=\"Oval - ES\" \/>\n<meta property=\"article:modified_time\" content=\"2024-03-15T20:38:14+00:00\" \/>\n<meta name=\"twitter:card\" content=\"summary_large_image\" \/>\n<script type=\"application\/ld+json\" class=\"yoast-schema-graph\">{\"@context\":\"https:\/\/schema.org\",\"@graph\":[{\"@type\":\"WebPage\",\"@id\":\"https:\/\/oval.co\/latam-es\/nosotros\/proposito-y-cultura\/\",\"url\":\"https:\/\/oval.co\/latam-es\/nosotros\/proposito-y-cultura\/\",\"name\":\"Prop\u00f3sito y Cultura - Oval - ES\",\"isPartOf\":{\"@id\":\"https:\/\/oval.co\/latam-es\/#website\"},\"datePublished\":\"2023-10-31T22:44:56+00:00\",\"dateModified\":\"2024-03-15T20:38:14+00:00\",\"description\":\"Queremos transformar las organizaciones y acelerar el\u00a0desarrollo de su potencial.\",\"breadcrumb\":{\"@id\":\"https:\/\/oval.co\/latam-es\/nosotros\/proposito-y-cultura\/#breadcrumb\"},\"inLanguage\":\"es\",\"potentialAction\":[{\"@type\":\"ReadAction\",\"target\":[\"https:\/\/oval.co\/latam-es\/nosotros\/proposito-y-cultura\/\"]}]},{\"@type\":\"BreadcrumbList\",\"@id\":\"https:\/\/oval.co\/latam-es\/nosotros\/proposito-y-cultura\/#breadcrumb\",\"itemListElement\":[{\"@type\":\"ListItem\",\"position\":1,\"name\":\"Nosotros\",\"item\":\"https:\/\/oval.co\/latam-es\/nosotros\/\"},{\"@type\":\"ListItem\",\"position\":2,\"name\":\"Prop\u00f3sito y Cultura\"}]},{\"@type\":\"WebSite\",\"@id\":\"https:\/\/oval.co\/latam-es\/#website\",\"url\":\"https:\/\/oval.co\/latam-es\/\",\"name\":\"Oval - ES\",\"description\":\"\",\"potentialAction\":[{\"@type\":\"SearchAction\",\"target\":{\"@type\":\"EntryPoint\",\"urlTemplate\":\"https:\/\/oval.co\/latam-es\/?s={search_term_string}\"},\"query-input\":\"required name=search_term_string\"}],\"inLanguage\":\"es\"}]}<\/script>\n<!-- \/ Yoast SEO plugin. -->","yoast_head_json":{"title":"Prop\u00f3sito y Cultura - Oval - ES","description":"Queremos transformar las organizaciones y acelerar el\u00a0desarrollo de su potencial.","robots":{"index":"index","follow":"follow","max-snippet":"max-snippet:-1","max-image-preview":"max-image-preview:large","max-video-preview":"max-video-preview:-1"},"canonical":"https:\/\/oval.co\/latam-es\/nosotros\/proposito-y-cultura\/","og_locale":"es_ES","og_type":"article","og_title":"Prop\u00f3sito y Cultura - Oval - ES","og_description":"Queremos transformar las organizaciones y acelerar el\u00a0desarrollo de su potencial.","og_url":"https:\/\/oval.co\/latam-es\/nosotros\/proposito-y-cultura\/","og_site_name":"Oval - ES","article_modified_time":"2024-03-15T20:38:14+00:00","twitter_card":"summary_large_image","schema":{"@context":"https:\/\/schema.org","@graph":[{"@type":"WebPage","@id":"https:\/\/oval.co\/latam-es\/nosotros\/proposito-y-cultura\/","url":"https:\/\/oval.co\/latam-es\/nosotros\/proposito-y-cultura\/","name":"Prop\u00f3sito y Cultura - Oval - ES","isPartOf":{"@id":"https:\/\/oval.co\/latam-es\/#website"},"datePublished":"2023-10-31T22:44:56+00:00","dateModified":"2024-03-15T20:38:14+00:00","description":"Queremos transformar las organizaciones y acelerar el\u00a0desarrollo de su potencial.","breadcrumb":{"@id":"https:\/\/oval.co\/latam-es\/nosotros\/proposito-y-cultura\/#breadcrumb"},"inLanguage":"es","potentialAction":[{"@type":"ReadAction","target":["https:\/\/oval.co\/latam-es\/nosotros\/proposito-y-cultura\/"]}]},{"@type":"BreadcrumbList","@id":"https:\/\/oval.co\/latam-es\/nosotros\/proposito-y-cultura\/#breadcrumb","itemListElement":[{"@type":"ListItem","position":1,"name":"Nosotros","item":"https:\/\/oval.co\/latam-es\/nosotros\/"},{"@type":"ListItem","position":2,"name":"Prop\u00f3sito y Cultura"}]},{"@type":"WebSite","@id":"https:\/\/oval.co\/latam-es\/#website","url":"https:\/\/oval.co\/latam-es\/","name":"Oval - ES","description":"","potentialAction":[{"@type":"SearchAction","target":{"@type":"EntryPoint","urlTemplate":"https:\/\/oval.co\/latam-es\/?s={search_term_string}"},"query-input":"required name=search_term_string"}],"inLanguage":"es"}]}},"_links":{"self":[{"href":"https:\/\/oval.co\/latam-es\/wp-json\/wp\/v2\/pages\/11"}],"collection":[{"href":"https:\/\/oval.co\/latam-es\/wp-json\/wp\/v2\/pages"}],"about":[{"href":"https:\/\/oval.co\/latam-es\/wp-json\/wp\/v2\/types\/page"}],"author":[{"embeddable":true,"href":"https:\/\/oval.co\/latam-es\/wp-json\/wp\/v2\/users\/1"}],"replies":[{"embeddable":true,"href":"https:\/\/oval.co\/latam-es\/wp-json\/wp\/v2\/comments?post=11"}],"version-history":[{"count":29,"href":"https:\/\/oval.co\/latam-es\/wp-json\/wp\/v2\/pages\/11\/revisions"}],"predecessor-version":[{"id":1236,"href":"https:\/\/oval.co\/latam-es\/wp-json\/wp\/v2\/pages\/11\/revisions\/1236"}],"up":[{"embeddable":true,"href":"https:\/\/oval.co\/latam-es\/wp-json\/wp\/v2\/pages\/7"}],"wp:attachment":[{"href":"https:\/\/oval.co\/latam-es\/wp-json\/wp\/v2\/media?parent=11"}],"curies":[{"name":"wp","href":"https:\/\/api.w.org\/{rel}","templated":true}]}}