{"id":31,"date":"2023-10-31T22:55:24","date_gmt":"2023-10-31T22:55:24","guid":{"rendered":"https:\/\/oval.co\/latam-es\/?page_id=31"},"modified":"2024-03-15T17:59:59","modified_gmt":"2024-03-15T17:59:59","slug":"contacto","status":"publish","type":"page","link":"https:\/\/oval.co\/latam-es\/contacto\/","title":{"rendered":"Contacto"},"content":{"rendered":"\n\n  <section class=\"main-hero main-hero--large\">\n    <div class=\"main-hero__bg\">\n      <img decoding=\"async\" src=\"https:\/\/oval.co\/latam-es\/wp-content\/uploads\/sites\/5\/2024\/02\/Oval_management-consulting-firm_contact-min-scaled.jpg\" alt=\"Oval\" class=\"img-fit\" style=\"width: 100%;\">\n    <\/div>\n    <div class=\"container main-hero__uvp rellax\" data-rellax-speed=\"-8\">\n            <h1 class=\"main-hero__title\">Contacto<\/h1>\n      <p>Apreciamos tu inter\u00e9s en que trabajemos juntos, comun\u00edcate con nosotros y ent\u00e9rate m\u00e1s acerca de Oval. Contamos con un amplio portafolio de servicios con la finalidad de hacer crecer tu empresa, y llevarla al siguiente nivel. Tenemos la f\u00f3rmula perfecta para poner en movimientos tus ideas.<\/p>\n          <\/div>\n\n  <\/section>\n\n\n\n\n\n\n  <section class=\"contact-form courved-section\">\n    <div class=\"container\">\n      <h2 class=\"text-center\">Ponte en contacto con nosotros. <\/h2>\n      <div class=\"contact-form__content flex-layout\" id=\"contact-form-content\">\n        <div class=\"contact-form__image\">\n          <img decoding=\"async\" class=\"\" src=\"https:\/\/oval.co\/latam-es\/wp-content\/uploads\/sites\/5\/2023\/11\/Oval_FormatosWeb-74-1.jpg\" alt=\"\"  >        <\/div>\n        <div class=\"contact-form__inner\">\n          <h3><\/h3>\n          \n<div class=\"wpcf7 no-js\" id=\"wpcf7-f485-o1\" lang=\"en-US\" dir=\"ltr\">\n<div class=\"screen-reader-response\"><p role=\"status\" aria-live=\"polite\" aria-atomic=\"true\"><\/p> <ul><\/ul><\/div>\n<form action=\"\/latam-es\/wp-json\/wp\/v2\/pages\/31#wpcf7-f485-o1\" method=\"post\" class=\"wpcf7-form init\" aria-label=\"Contact form\" novalidate=\"novalidate\" data-status=\"init\">\n<div style=\"display: none;\">\n<input type=\"hidden\" name=\"_wpcf7\" value=\"485\" \/>\n<input type=\"hidden\" name=\"_wpcf7_version\" value=\"5.9.3\" \/>\n<input type=\"hidden\" name=\"_wpcf7_locale\" value=\"en_US\" \/>\n<input type=\"hidden\" name=\"_wpcf7_unit_tag\" value=\"wpcf7-f485-o1\" \/>\n<input type=\"hidden\" name=\"_wpcf7_container_post\" value=\"0\" \/>\n<input type=\"hidden\" name=\"_wpcf7_posted_data_hash\" value=\"\" \/>\n<input type=\"hidden\" name=\"_wpcf7_recaptcha_response\" value=\"\" \/>\n<\/div>\n<div class=\"field\">\n\t<p><label for=\"your-first-name\">Nombre<\/label><br \/>\n<span class=\"wpcf7-form-control-wrap\" data-name=\"your-first-name\"><input size=\"40\" class=\"wpcf7-form-control wpcf7-text wpcf7-validates-as-required\" aria-required=\"true\" aria-invalid=\"false\" placeholder=\"Nombre\" value=\"\" type=\"text\" name=\"your-first-name\" \/><\/span>\n\t<\/p>\n<\/div>\n<div class=\"field\">\n\t<p><label for=\"your-email\">Correo electr\u00f3nico<\/label><br \/>\n<span class=\"wpcf7-form-control-wrap\" data-name=\"your-email\"><input size=\"40\" class=\"wpcf7-form-control wpcf7-email wpcf7-validates-as-required wpcf7-text wpcf7-validates-as-email\" aria-required=\"true\" aria-invalid=\"false\" placeholder=\"Correo electr\u00f3nico\" value=\"\" type=\"email\" name=\"your-email\" \/><\/span>\n\t<\/p>\n<\/div>\n<div class=\"field\">\n\t<p><label for=\"your-phone\">Tel\u00e9fono<\/label><br \/>\n<span class=\"wpcf7-form-control-wrap\" data-name=\"your-phone\"><input size=\"40\" class=\"wpcf7-form-control wpcf7-phonetext wpcf7-validates-as-required wpcf7-text wpcf7-validates-as-phonetext\" aria-required=\"true\" aria-invalid=\"false\" placeholder=\"Tel\u00e9fono\" value=\"\" type=\"text\" name=\"your-phone\" \/><input type=\"hidden\" name=\"your-phone-country-code\" class=\"wpcf7-phonetext-country-code\" \/><\/span>\n\t<\/p>\n<\/div>\n<div class=\"field file-field\">\n\t<p><label for=\"message\">Mensaje<\/label><br \/>\n<span class=\"wpcf7-form-control-wrap\" data-name=\"message\"><textarea cols=\"40\" rows=\"3\" class=\"wpcf7-form-control wpcf7-textarea\" aria-invalid=\"false\" placeholder=\"Mensaje\" name=\"message\"><\/textarea><\/span>\n\t<\/p>\n<\/div>\n<div>\n\t<p><button type=\"submit\" class=\"btn\">Enviar<\/button>\n\t<\/p>\n<\/div><div class=\"wpcf7-response-output\" aria-hidden=\"true\"><\/div>\n<\/form>\n<\/div>\n        <\/div>\n      <\/div>\n\n      <div class=\"contact-form__response\" id=\"contact-form-response\">\n        <img decoding=\"async\" src=\"https:\/\/oval.co\/latam-es\/wp-content\/themes\/oval-theme\/assets\/svg\/response-icon.svg\" alt=\"\">\n        <h2>\u00a1Gracias, tu mensaje ha sido enviado!<\/h2>\n        <p>Gracias, tu mensaje ha sido enviado, nos pondremos en contacto para poner tus ideas en movimiento.<\/p>\n                  <a class=\"btn\" target=\"_self\" href=\"https:\/\/oval.co\/latam-es\/\">Accept<\/a>\n              <\/div>\n    <\/div>\n  <\/section>\n\n\n\n\n\n<p><\/p>\n","protected":false},"excerpt":{"rendered":"","protected":false},"author":1,"featured_media":0,"parent":0,"menu_order":0,"comment_status":"closed","ping_status":"closed","template":"","meta":{"footnotes":""},"acf":[],"yoast_head":"<!-- This site is optimized with the Yoast SEO plugin v22.4 - https:\/\/yoast.com\/wordpress\/plugins\/seo\/ -->\n<title>Contacto - Oval - ES<\/title>\n<meta name=\"description\" content=\"Check your availability and set aside time for us to meet with you and precisely understand your needs.\" \/>\n<meta name=\"robots\" content=\"index, follow, max-snippet:-1, max-image-preview:large, max-video-preview:-1\" \/>\n<link rel=\"canonical\" href=\"https:\/\/oval.co\/latam-es\/contacto\/\" \/>\n<meta property=\"og:locale\" content=\"es_ES\" \/>\n<meta property=\"og:type\" content=\"article\" \/>\n<meta property=\"og:title\" content=\"Contacto - Oval - ES\" \/>\n<meta property=\"og:description\" content=\"Check your availability and set aside time for us to meet with you and precisely understand your needs.\" \/>\n<meta property=\"og:url\" content=\"https:\/\/oval.co\/latam-es\/contacto\/\" \/>\n<meta property=\"og:site_name\" content=\"Oval - ES\" \/>\n<meta property=\"article:modified_time\" content=\"2024-03-15T17:59:59+00:00\" \/>\n<meta name=\"twitter:card\" content=\"summary_large_image\" \/>\n<script type=\"application\/ld+json\" class=\"yoast-schema-graph\">{\"@context\":\"https:\/\/schema.org\",\"@graph\":[{\"@type\":\"WebPage\",\"@id\":\"https:\/\/oval.co\/latam-es\/contacto\/\",\"url\":\"https:\/\/oval.co\/latam-es\/contacto\/\",\"name\":\"Contacto - Oval - ES\",\"isPartOf\":{\"@id\":\"https:\/\/oval.co\/latam-es\/#website\"},\"datePublished\":\"2023-10-31T22:55:24+00:00\",\"dateModified\":\"2024-03-15T17:59:59+00:00\",\"description\":\"Check your availability and set aside time for us to meet with you and precisely understand your needs.\",\"inLanguage\":\"es\",\"potentialAction\":[{\"@type\":\"ReadAction\",\"target\":[\"https:\/\/oval.co\/latam-es\/contacto\/\"]}]},{\"@type\":\"WebSite\",\"@id\":\"https:\/\/oval.co\/latam-es\/#website\",\"url\":\"https:\/\/oval.co\/latam-es\/\",\"name\":\"Oval - ES\",\"description\":\"\",\"potentialAction\":[{\"@type\":\"SearchAction\",\"target\":{\"@type\":\"EntryPoint\",\"urlTemplate\":\"https:\/\/oval.co\/latam-es\/?s={search_term_string}\"},\"query-input\":\"required name=search_term_string\"}],\"inLanguage\":\"es\"}]}<\/script>\n<!-- \/ Yoast SEO plugin. -->","yoast_head_json":{"title":"Contacto - Oval - ES","description":"Check your availability and set aside time for us to meet with you and precisely understand your needs.","robots":{"index":"index","follow":"follow","max-snippet":"max-snippet:-1","max-image-preview":"max-image-preview:large","max-video-preview":"max-video-preview:-1"},"canonical":"https:\/\/oval.co\/latam-es\/contacto\/","og_locale":"es_ES","og_type":"article","og_title":"Contacto - Oval - ES","og_description":"Check your availability and set aside time for us to meet with you and precisely understand your needs.","og_url":"https:\/\/oval.co\/latam-es\/contacto\/","og_site_name":"Oval - ES","article_modified_time":"2024-03-15T17:59:59+00:00","twitter_card":"summary_large_image","schema":{"@context":"https:\/\/schema.org","@graph":[{"@type":"WebPage","@id":"https:\/\/oval.co\/latam-es\/contacto\/","url":"https:\/\/oval.co\/latam-es\/contacto\/","name":"Contacto - Oval - ES","isPartOf":{"@id":"https:\/\/oval.co\/latam-es\/#website"},"datePublished":"2023-10-31T22:55:24+00:00","dateModified":"2024-03-15T17:59:59+00:00","description":"Check your availability and set aside time for us to meet with you and precisely understand your needs.","inLanguage":"es","potentialAction":[{"@type":"ReadAction","target":["https:\/\/oval.co\/latam-es\/contacto\/"]}]},{"@type":"WebSite","@id":"https:\/\/oval.co\/latam-es\/#website","url":"https:\/\/oval.co\/latam-es\/","name":"Oval - ES","description":"","potentialAction":[{"@type":"SearchAction","target":{"@type":"EntryPoint","urlTemplate":"https:\/\/oval.co\/latam-es\/?s={search_term_string}"},"query-input":"required name=search_term_string"}],"inLanguage":"es"}]}},"_links":{"self":[{"href":"https:\/\/oval.co\/latam-es\/wp-json\/wp\/v2\/pages\/31"}],"collection":[{"href":"https:\/\/oval.co\/latam-es\/wp-json\/wp\/v2\/pages"}],"about":[{"href":"https:\/\/oval.co\/latam-es\/wp-json\/wp\/v2\/types\/page"}],"author":[{"embeddable":true,"href":"https:\/\/oval.co\/latam-es\/wp-json\/wp\/v2\/users\/1"}],"replies":[{"embeddable":true,"href":"https:\/\/oval.co\/latam-es\/wp-json\/wp\/v2\/comments?post=31"}],"version-history":[{"count":37,"href":"https:\/\/oval.co\/latam-es\/wp-json\/wp\/v2\/pages\/31\/revisions"}],"predecessor-version":[{"id":1221,"href":"https:\/\/oval.co\/latam-es\/wp-json\/wp\/v2\/pages\/31\/revisions\/1221"}],"wp:attachment":[{"href":"https:\/\/oval.co\/latam-es\/wp-json\/wp\/v2\/media?parent=31"}],"curies":[{"name":"wp","href":"https:\/\/api.w.org\/{rel}","templated":true}]}}