{"id":9,"date":"2023-10-31T22:44:26","date_gmt":"2023-10-31T22:44:26","guid":{"rendered":"https:\/\/oval.co\/latam-es\/?page_id=9"},"modified":"2026-03-03T20:41:46","modified_gmt":"2026-03-03T20:41:46","slug":"quienes-somos","status":"publish","type":"page","link":"https:\/\/oval.co\/latam-es\/nosotros\/quienes-somos\/","title":{"rendered":"Qui\u00e9nes Somos"},"content":{"rendered":"\n\n  <section class=\"small-hero\">\n    <div class=\"container small-hero__uvp rellax\" data-rellax-speed=\"-8\">\n      <span> NOSOTROS<\/span>\n      <h1 class=\"small-hero__title\">Qui\u00e9nes Somos<\/h1>\n    <\/div>\n  <\/section>\n\n\n\n\n\n\n  <section class=\"text-quad text-center text-quad--light-blue courved-section title-size-70\">\n    <div class=\"container\">\n      <h2>Creemos que el valor de una empresa reside en su capacidad para modernizarse, renovarse y mejorar.<\/h2>\n      <p>Nosotros ponemos en movimiento estas ideas\u00a0 y\u00a0 las acompa\u00f1amos para que no se detengan.<\/p>\n    <\/div>\n\n  <\/section>\n\n\n\n\n\n\n  <section class=\"numbers courved-section\">\n    <div class=\"container flex-layout justify-around\">\n                <div class=\"numbers__item\">\n            <h3>+<span>600<\/span><\/h3>\n            <h4>Clientes<\/h4>\n          <\/div>\n                <div class=\"numbers__item\">\n            <h3>+<span>50<\/span><\/h3>\n            <h4>Consultores<\/h4>\n          <\/div>\n                <div class=\"numbers__item\">\n            <h3>+<span>1300<\/span><\/h3>\n            <h4>Proyectos<\/h4>\n          <\/div>\n                <div class=\"numbers__item\">\n            <h3>+<span>26<\/span> a\u00f1os <\/h3>\n            <h4>de experiencia<\/h4>\n          <\/div>\n          <\/div>\n  <\/section>\n\n\n\n\n\n<blockquote class=\"wp-block-quote is-layout-flow wp-block-quote-is-layout-flow\">\n<p><\/p>\n<\/blockquote>\n\n\n\n\n  <section class=\"overlapping-cards courved-section\">\n    <div class=\"container\">\n      <div class=\"overlapping-cards__inner\">\n                    <div class=\"overlapping-cards__item overlapping-card-0 animate-fade top\">\n              <h3> Somos la acci\u00f3n, que busca siempre una reacci\u00f3n<\/h3>\n            <\/div>\n                    <div class=\"overlapping-cards__item overlapping-card-1 animate-fade top\">\n              <h3> Estrategias que movilizan<\/h3>\n            <\/div>\n                    <div class=\"overlapping-cards__item overlapping-card-2 animate-fade top\">\n              <h3>Datos que dan certeza<\/h3>\n            <\/div>\n                    <div class=\"overlapping-cards__item overlapping-card-3 animate-fade top\">\n              <h3>Tecnolog\u00edas que habilitan<\/h3>\n            <\/div>\n                    <div class=\"overlapping-cards__item overlapping-card-4 animate-fade top\">\n              <h3> Personas que transforman<\/h3>\n            <\/div>\n              <\/div>\n    <\/div>\n\n  <\/section>\n\n  <script src=\"https:\/\/unpkg.co\/gsap@3\/dist\/gsap.min.js\"><\/script>\n  <script src=\"https:\/\/unpkg.com\/gsap@3\/dist\/ScrollTrigger.min.js\"><\/script>\n  <script src=\"https:\/\/cdnjs.cloudflare.com\/ajax\/libs\/ScrollMagic\/2.0.3\/plugins\/animation.gsap.min.js\"><\/script>\n  <script src=\"https:\/\/cdnjs.cloudflare.com\/ajax\/libs\/gsap\/2.0.1\/TimelineMax.min.js\"><\/script>\n\n\n\n\n\n\n  <section class=\"text-quad text-center text-quad--light-gray courved-section title-size-70\">\n    <div class=\"container\">\n      <h2>Durante m\u00e1s de dos d\u00e9cadas, hemos centrado nuestra misi\u00f3n en la creaci\u00f3n de valor en organizaciones de toda Am\u00e9rica Latina y los Estados Unidos<\/h2>\n      <p>Esta trayectoria nos ha permitido desarrollar procesos y metodolog\u00edas para afrontar desaf\u00edos de un mundo en constante cambio.<\/p>\n    <\/div>\n\n  <\/section>\n\n\n","protected":false},"excerpt":{"rendered":"","protected":false},"author":1,"featured_media":0,"parent":7,"menu_order":0,"comment_status":"closed","ping_status":"closed","template":"","meta":{"footnotes":""},"acf":[],"yoast_head":"<!-- This site is optimized with the Yoast SEO plugin v22.4 - https:\/\/yoast.com\/wordpress\/plugins\/seo\/ -->\n<title>Qui\u00e9nes Somos - Oval - ES<\/title>\n<meta name=\"description\" content=\"We believe that the value of a company lies in its ability to move. We accompany them to ensure they never come to a standstill.\" \/>\n<meta name=\"robots\" content=\"index, follow, max-snippet:-1, max-image-preview:large, max-video-preview:-1\" \/>\n<link rel=\"canonical\" href=\"https:\/\/oval.co\/latam-es\/nosotros\/quienes-somos\/\" \/>\n<meta property=\"og:locale\" content=\"es_ES\" \/>\n<meta property=\"og:type\" content=\"article\" \/>\n<meta property=\"og:title\" content=\"Qui\u00e9nes Somos - Oval - ES\" \/>\n<meta property=\"og:description\" content=\"We believe that the value of a company lies in its ability to move. We accompany them to ensure they never come to a standstill.\" \/>\n<meta property=\"og:url\" content=\"https:\/\/oval.co\/latam-es\/nosotros\/quienes-somos\/\" \/>\n<meta property=\"og:site_name\" content=\"Oval - ES\" \/>\n<meta property=\"article:modified_time\" content=\"2026-03-03T20:41:46+00:00\" \/>\n<meta name=\"twitter:card\" content=\"summary_large_image\" \/>\n<script type=\"application\/ld+json\" class=\"yoast-schema-graph\">{\"@context\":\"https:\/\/schema.org\",\"@graph\":[{\"@type\":\"WebPage\",\"@id\":\"https:\/\/oval.co\/latam-es\/nosotros\/quienes-somos\/\",\"url\":\"https:\/\/oval.co\/latam-es\/nosotros\/quienes-somos\/\",\"name\":\"Qui\u00e9nes Somos - Oval - ES\",\"isPartOf\":{\"@id\":\"https:\/\/oval.co\/latam-es\/#website\"},\"datePublished\":\"2023-10-31T22:44:26+00:00\",\"dateModified\":\"2026-03-03T20:41:46+00:00\",\"description\":\"We believe that the value of a company lies in its ability to move. We accompany them to ensure they never come to a standstill.\",\"breadcrumb\":{\"@id\":\"https:\/\/oval.co\/latam-es\/nosotros\/quienes-somos\/#breadcrumb\"},\"inLanguage\":\"es\",\"potentialAction\":[{\"@type\":\"ReadAction\",\"target\":[\"https:\/\/oval.co\/latam-es\/nosotros\/quienes-somos\/\"]}]},{\"@type\":\"BreadcrumbList\",\"@id\":\"https:\/\/oval.co\/latam-es\/nosotros\/quienes-somos\/#breadcrumb\",\"itemListElement\":[{\"@type\":\"ListItem\",\"position\":1,\"name\":\"Nosotros\",\"item\":\"https:\/\/oval.co\/latam-es\/nosotros\/\"},{\"@type\":\"ListItem\",\"position\":2,\"name\":\"Qui\u00e9nes Somos\"}]},{\"@type\":\"WebSite\",\"@id\":\"https:\/\/oval.co\/latam-es\/#website\",\"url\":\"https:\/\/oval.co\/latam-es\/\",\"name\":\"Oval - ES\",\"description\":\"\",\"potentialAction\":[{\"@type\":\"SearchAction\",\"target\":{\"@type\":\"EntryPoint\",\"urlTemplate\":\"https:\/\/oval.co\/latam-es\/?s={search_term_string}\"},\"query-input\":\"required name=search_term_string\"}],\"inLanguage\":\"es\"}]}<\/script>\n<!-- \/ Yoast SEO plugin. -->","yoast_head_json":{"title":"Qui\u00e9nes Somos - Oval - ES","description":"We believe that the value of a company lies in its ability to move. We accompany them to ensure they never come to a standstill.","robots":{"index":"index","follow":"follow","max-snippet":"max-snippet:-1","max-image-preview":"max-image-preview:large","max-video-preview":"max-video-preview:-1"},"canonical":"https:\/\/oval.co\/latam-es\/nosotros\/quienes-somos\/","og_locale":"es_ES","og_type":"article","og_title":"Qui\u00e9nes Somos - Oval - ES","og_description":"We believe that the value of a company lies in its ability to move. We accompany them to ensure they never come to a standstill.","og_url":"https:\/\/oval.co\/latam-es\/nosotros\/quienes-somos\/","og_site_name":"Oval - ES","article_modified_time":"2026-03-03T20:41:46+00:00","twitter_card":"summary_large_image","schema":{"@context":"https:\/\/schema.org","@graph":[{"@type":"WebPage","@id":"https:\/\/oval.co\/latam-es\/nosotros\/quienes-somos\/","url":"https:\/\/oval.co\/latam-es\/nosotros\/quienes-somos\/","name":"Qui\u00e9nes Somos - Oval - ES","isPartOf":{"@id":"https:\/\/oval.co\/latam-es\/#website"},"datePublished":"2023-10-31T22:44:26+00:00","dateModified":"2026-03-03T20:41:46+00:00","description":"We believe that the value of a company lies in its ability to move. We accompany them to ensure they never come to a standstill.","breadcrumb":{"@id":"https:\/\/oval.co\/latam-es\/nosotros\/quienes-somos\/#breadcrumb"},"inLanguage":"es","potentialAction":[{"@type":"ReadAction","target":["https:\/\/oval.co\/latam-es\/nosotros\/quienes-somos\/"]}]},{"@type":"BreadcrumbList","@id":"https:\/\/oval.co\/latam-es\/nosotros\/quienes-somos\/#breadcrumb","itemListElement":[{"@type":"ListItem","position":1,"name":"Nosotros","item":"https:\/\/oval.co\/latam-es\/nosotros\/"},{"@type":"ListItem","position":2,"name":"Qui\u00e9nes Somos"}]},{"@type":"WebSite","@id":"https:\/\/oval.co\/latam-es\/#website","url":"https:\/\/oval.co\/latam-es\/","name":"Oval - ES","description":"","potentialAction":[{"@type":"SearchAction","target":{"@type":"EntryPoint","urlTemplate":"https:\/\/oval.co\/latam-es\/?s={search_term_string}"},"query-input":"required name=search_term_string"}],"inLanguage":"es"}]}},"_links":{"self":[{"href":"https:\/\/oval.co\/latam-es\/wp-json\/wp\/v2\/pages\/9"}],"collection":[{"href":"https:\/\/oval.co\/latam-es\/wp-json\/wp\/v2\/pages"}],"about":[{"href":"https:\/\/oval.co\/latam-es\/wp-json\/wp\/v2\/types\/page"}],"author":[{"embeddable":true,"href":"https:\/\/oval.co\/latam-es\/wp-json\/wp\/v2\/users\/1"}],"replies":[{"embeddable":true,"href":"https:\/\/oval.co\/latam-es\/wp-json\/wp\/v2\/comments?post=9"}],"version-history":[{"count":65,"href":"https:\/\/oval.co\/latam-es\/wp-json\/wp\/v2\/pages\/9\/revisions"}],"predecessor-version":[{"id":1462,"href":"https:\/\/oval.co\/latam-es\/wp-json\/wp\/v2\/pages\/9\/revisions\/1462"}],"up":[{"embeddable":true,"href":"https:\/\/oval.co\/latam-es\/wp-json\/wp\/v2\/pages\/7"}],"wp:attachment":[{"href":"https:\/\/oval.co\/latam-es\/wp-json\/wp\/v2\/media?parent=9"}],"curies":[{"name":"wp","href":"https:\/\/api.w.org\/{rel}","templated":true}]}}